d be r(-18). Let k = -12 - d. Is k prime?
False
Suppose 17 = z + 13. Suppose 0*h + 4*h = z*b + 9284, -9320 = -4*h - 5*b. Let w = h - 944. Is w composite?
False
Let m(t) = -8533*t**3 + 4*t**2 + 6*t + 1. Is m(-2) a prime number?
False
Let j(l) = l**2 - 17*l - 2. Let s be j(17). Is 3 + s*6036/(-8) - 3 prime?
False
Let n(o) = 74*o - 17. Suppose 32*c - 34*c = 22. Let x(z) = -37*z + 9. Let r(a) = c*x(a) - 6*n(a). Is r(-2) composite?
True
Is 654/1090*(-436055)/(-3) composite?
False
Let i = -73045 + 283656. Is i prime?
False
Let h(m) = 60*m**2 + 904*m + 13667. Is h(-15) a prime number?
False
Suppose 370*f = 15375683 - 3626780 + 5795387. Is f prime?
True
Let d = 155 - 134. Suppose 17*g - 720 = d*g. Let v = 667 + g. Is v a prime number?
True
Suppose 0 = 26*q - 22*q - 16, -3*q = -5*h + 379333. Is h a prime number?
True
Let y = 29259 - -25408. Is y a prime number?
True
Let d(z) = 4*z**3 + 9*z**2 - 6*z - 19. Let o(y) = 13*y**3 + 28*y**2 - 19*y - 57. Let u(k) = 17*d(k) - 6*o(k). Is u(-8) composite?
True
Let j = -76715 + 110306. Is j prime?
False
Let h = 6022 - -1437. Let f = -1615 + h. Let z = -4021 + f. Is z composite?
False
Let h = -55 + 58. Suppose -2*q + 2891 = -3*p, 7*p - 3*p = -q + 1429. Suppose h*f + 4 = q. Is f prime?
True
Let y be (-1 - 0/(-3))/(2/34). Suppose 118 = c - 4*x + 34, -216 = -2*c - 4*x. Let j = c + y. Is j a prime number?
True
Let p(d) be the third derivative of 79*d**6/120 + 4*d**5/15 - d**4/24 - d**3/2 - 2*d**2 - 27*d. Is p(8) a composite number?
True
Let i(p) = -65589*p - 2114. Is i(-9) prime?
False
Let y = -8897 - -27084. Is y a prime number?
False
Let i(j) = j. Let d(g) = 3*g + 1949. Let q(r) = d(r) - 2*i(r). Let v be -18 + 8*18/8. Is q(v) a prime number?
True
Let d = 58511 - 37708. Is d a prime number?
False
Suppose j - 4*j = -3*r, 0 = -4*j + 3*r + 5. Suppose 0 = 3*m - 7*i + j*i - 22037, 0 = 2*m - 3*i - 14683. Is m a prime number?
True
Let r(j) = -21393*j + 36 - 11 + 6249*j. Is r(-4) a composite number?
False
Let c = -3562484 - -6126805. Is c composite?
False
Suppose 0*u = u - 96. Let r(b) = 17*b + 28*b - u*b - 1 - 58*b. Is r(-2) composite?
True
Let f be 2 - (5 - 4 - -401). Let p = 791 + f. Is p a prime number?
False
Let l = 149821 + -42302. Is l a composite number?
True
Let b(t) = 137*t**2 + 38*t - 48. Is b(37) a prime number?
True
Let o(l) = 1264*l - 915. Is o(13) prime?
False
Let g(u) = u**2 + 2*u + 4. Let l be g(3). Is (-2)/4*l/(152/(-88624)) a composite number?
True
Let f = -12597 + 24263. Suppose -6*b + f = -38308. Is b a prime number?
True
Let l = -6 - -8. Suppose -5*d = -4*t - 207 - 1464, 1316 = 4*d + l*t. Is d a prime number?
True
Suppose -b - 4*q = -17, 8 = -b + 5*q - 2. Suppose -43037 = -b*k - 2*j, -3*k = -2*j - 3*j - 25847. Is k composite?
False
Let g(c) = c**3 - 146*c**2 - 166*c - 191. Is g(164) prime?
False
Is 339782/6 + 4/(-6)*2 a prime number?
True
Suppose 2*l + 4 = 4*l - 5*a, 40 = -3*l - 4*a. Is 1*4*(l - (-1976)/32) a composite number?
True
Suppose -3*s = 5*f - 64690, -4*s + 12936 = f - 3*s. Is f composite?
False
Suppose 5*n = 6 + 9. Let u be (-423)/72 + 6 - (-2366)/16. Suppose n*j + j = u. Is j a prime number?
True
Let h(w) = w**2 + 15*w - 12. Let d be h(-16). Suppose -p + d - 7 = 0. Is (-2391)/p*(0 + 1) composite?
False
Suppose 927346 + 1849743 + 8397737 = 138*i. Is i a composite number?
True
Let n = -52 + -220. Suppose -6*p + 8*p - 3*c - 923 = 0, -2*c = -2. Let a = p + n. Is a a prime number?
True
Let q be (0 - -1 - 2)*5256803/(-73). Let h = q + -20260. Is h prime?
False
Let o(i) = 66 + 21*i - 36 + 112*i. Is o(31) a composite number?
False
Let g(a) = 3*a - 63. Let s be g(21). Suppose -3*b + 2242 + 1835 = s. Suppose -13 + b = 2*n. Is n composite?
False
Let i(q) be the second derivative of 103*q**5/120 - 23*q**4/24 - 7*q**3/6 - 23*q. Let k(r) be the second derivative of i(r). Is k(12) prime?
True
Let m = -26 + 30. Let k(z) = 526*z**3 - 2*z**2 - z - 8. Let h be k(m). Suppose 4*p = 4, -5*t + p + h = -12124. Is t a composite number?
True
Let y(t) = 5820*t**2 - 67. Is y(9) composite?
False
Let z(y) be the first derivative of 115*y**5/6 + y**3/6 - 13*y**2/2 - 10. Let x(g) be the second derivative of z(g). Is x(1) prime?
True
Is ((-2072)/21 + -2)/(-4 - (-154)/39) a composite number?
True
Suppose -4*m + 5*z = -2*m - 1299, 0 = 2*z + 2. Suppose 0 = 3*c - 3*f - 645, -2*f = -3*c - f + m. Suppose -j + c = -1439. Is j prime?
False
Let k = -209 + 214. Suppose -2*q - 5*n = -7701, 0*n - 4*n + 19295 = k*q. Is q prime?
True
Let a be (3593/2*4)/(-1). Let c = 739 - a. Suppose r + 4*r = c. Is r composite?
True
Is 13/(8 + 18)*(1137958 - 0) a prime number?
True
Let d = 70253 + 31986. Is d composite?
True
Suppose s = -4*d + 10 + 7, -2*d - 14 = -4*s. Let q(w) = 30*w**2 - 2*w. Let g be q(d). Suppose 1285 = 5*a - 3*n, a - 3*n - g = -n. Is a a composite number?
True
Suppose -12*b - 928 = -70*b. Suppose 0 = 4*m + b, -4*k + 5528 - 848 = m. Is k a composite number?
False
Suppose 3*z - 12*r = -17*r + 216434, 2*z = 4*r + 144304. Is 2/(72156/z + -1) prime?
False
Suppose -492443 = -i - 4*w, -65*i + 69*i - 1969742 = -6*w. Is i a composite number?
False
Let h = -37076 + 135327. Is h a composite number?
False
Suppose 0 = 23*o + 25*o - 96. Let w(j) = 821*j - 9. Is w(o) prime?
False
Suppose 27*s - 4*s = 6095. Is 5565/525*s/1 a prime number?
False
Let x(i) = -1672*i + 1106. Is x(-3) composite?
True
Let i be 4 + 63/(-15) - (-213638)/(-10). Let k = -17 - i. Is k composite?
False
Let x be (5954 + 0)*67/134. Let k = x + -1028. Is k a composite number?
False
Suppose 3301741 = -449*o + 502*o. Is o composite?
False
Let v be 3219/2 - ((-20)/(-8) - 3). Suppose -4*f - 1345 = -3*l, -v - 627 = -5*l + 2*f. Is l a prime number?
False
Suppose -s = -x + 4*s + 22, -18 = -3*x - s. Let b(a) = 72*a - 3 - 10 + 123*a - 3. Is b(x) composite?
True
Is ((-95323290)/696)/((-1)/4) a prime number?
False
Suppose -3*y = 3*i - 27, -3*i - 4*y + 19 = -12. Suppose i*g + 29259 = 14*g. Is g a prime number?
True
Let v(k) = -4*k**3 - 16*k**2 - 2*k - 6. Let z be v(-4). Let y be 40/z*2705/20. Suppose -4*q + y = 4*p - 18199, -2*p = -5*q - 10417. Is p composite?
True
Is 168/(-126)*10707030/(-24) prime?
False
Let r = 25 + -20. Suppose -3*f = -2*f - 4. Suppose -2*a - r*c = -306, 3*a - 3*c + f*c = 485. Is a prime?
True
Let w = 14 + -22. Suppose 3*h = 5*f - 1 + 26, 0 = -2*f + 5*h - 29. Is (368 + w + -1)/(f/(-6)) composite?
True
Let y be 95/((-45)/12 + 4). Let b = 29 + y. Is b a prime number?
True
Let s = 1670224 - -88822. Is s prime?
False
Suppose 8*i + 50 = -2*i. Let p(t) = -1363*t - 36. Is p(i) a composite number?
False
Let i = 748 - 264. Suppose d + i = -469. Let g = -272 - d. Is g prime?
False
Let a = -2067 - -1418. Let q = a - -1292. Let f = -105 + q. Is f composite?
True
Let m(k) = 6488*k**3 - 2*k**2 + 5*k - 4. Let q be m(1). Suppose 3*l + g = 38034, -3*l + 4*g + q = -31562. Is l a composite number?
True
Let f(l) = -7*l - 454*l**2 + 4 + 14*l - 6*l. Let x be f(4). Is x/4*4/(-8) a prime number?
True
Let v(c) = -3*c**2 - 23*c - 59. Let s be v(-4). Let h = 698 + s. Is h composite?
False
Suppose o - 17 + 7 = 0. Let g(t) = 24*t + 16. Let n be g(o). Suppose -4*f - n - 15 = -r, -516 = -2*r - 5*f. Is r prime?
True
Suppose -2*v = -2*t + 836310, 523247 = t + 4*v + 105082. Is t prime?
True
Let p be (-2 - 18/(-8)) + (-25897)/(-188). Let v = -17 - 2. Let r = p + v. Is r a prime number?
False
Let b be 35/11 + (-6)/33. Suppose -b*m - 3 = 3. Is m - 1846/(-3) - (-1)/(-3) a composite number?
False
Suppose -7*l - 297 = -18*l. Suppose 34*g = l*g + 14189. Is g a prime number?
True
Let g(t) be the first derivative of -457*t**2 - 99*t - 4. Is g(-7) a composite number?
False
Is 3/(-15) + -9*221868/(-135) a prime number?
False
Let a be (-4)/(-26) - (-1326)/169. Let k(b) = a*b**2 - 49*b**3 + 50*b**3 + 2*b**2 + 4. Is k(-10) composite?
True
Suppose -3*a + 53 = 3*t - 4, 2*t - 46 = -4*a. Let l(n) = 775*n + 35. Let m be l(t). Suppose -3*y + 11684 = 5*j, 5*j = 5*y - 0*y + m. Is j prime?
False
Let y(j) be the third derivative of j**5/12 - 3*j**4/8 + 5*j**3/6 + 18*j**2. Suppose 3*u + 43 = 58. Is y(u) prime?
False
Suppose 105660 = 12*g - 4476. Let u = g + -5051. Is u prime?
True
Suppose 5*j + c - 6*c = 0, -12 = -4*c. Let p(v) = 3*v - 8. Let s be p(j). Is s/(1/145*1) a composite number?
True
Suppose -10566 = -6*x + 2022. Let